tors of l?
2473
Suppose -c - 41 = -4*x + 2*c, 0 = c - 5. Let z be (-21)/x*4/3. List the prime factors of 0 + 2 - 22/z.
13
Let t = -14 - -91. Suppose 2*k + 2*m + t = -k, 0 = 3*k - 2*m + 85. What are the prime factors of (-3)/k*-3*-219?
73
Let o be (6 + 2)*(-14)/(-4). Suppose -126 = -4*k - 3*w, -2*k + w + o + 40 = 0. List the prime factors of k.
3, 11
Let d = -8 - -11. Let o be -2 - (-13 + (-2 - 0)). Suppose d = 2*k - o. List the prime factors of k.
2
Suppose 6744 = 4*k - 10*f + 6*f, 0 = 4*k - 2*f - 6744. List the prime factors of k.
2, 3, 281
List the prime factors of -958*1/4*(10 + -12).
479
Let b(x) = -31*x - 21. Let f(h) = 10*h + 7. Let a(g) = -2*b(g) - 7*f(g). List the prime factors of a(-7).
7
Let q = -47 - -383. What are the prime factors of q?
2, 3, 7
What are the prime factors of (-6)/(-21) - 10/35 - -476?
2, 7, 17
Let v = 56 + -2. Suppose 5*o = -f + v, -7*o + 2*o = -25. List the prime factors of f.
29
Let l = 33 - 31. Suppose 2*i = -l*i - 2*v - 34, 0 = 4*i - 4*v + 28. Let m = 75 - i. List the prime factors of m.
83
Let p be (-12)/8*2/(-4)*96. Let c = 286 - p. What are the prime factors of c?
2, 107
Suppose 4*q - 404 = 4*y, -3*q + 202 = -q - 4*y. Suppose -14 + q = s. List the prime factors of s.
3, 29
Let c = 130 + 217. List the prime factors of c.
347
Let o(b) = 2*b + 14. Let h be o(-7). Suppose -36*v + 33*v + 864 = h. List the prime factors of v.
2, 3
Suppose g + 12 = -0*g - 4*w, -g + w - 27 = 0. Let t be (2 - 234)*12/g. Suppose s = 3*s - t. What are the prime factors of s?
2, 29
Let p(x) = 5*x**3 - 10*x**2 + 4*x + 4. What are the prime factors of p(2)?
2, 3
Let i(r) = -3004*r + 4. What are the prime factors of i(-2)?
2, 3, 167
What are the prime factors of ((-2148)/(-6))/(-2*3/(-12))?
2, 179
What are the prime factors of (-39775)/(-150) + (-1)/6?
5, 53
Suppose 3*h = 4*i + 97, 18 = 3*h + 2*i - 55. Suppose -4*g = -h*g + 7636. What are the prime factors of g?
2, 83
List the prime factors of ((6 - 122)*-1)/2.
2, 29
What are the prime factors of 42/(-9)*(-246)/4?
7, 41
Let w = 24 + 124. Suppose -w = -5*o - 2*p, 0 = -2*o + 5*p + 7 + 29. What are the prime factors of o?
2, 7
Let h = -4 + 7. Let q be (3/(-1))/h*-7. Suppose -v + q = -7. What are the prime factors of v?
2, 7
Let w(z) = z**2 - 12*z + 5. Let j be w(12). Suppose -3*r - 5*p - 199 = 0, -p = -j*r - 6*p - 335. What are the prime factors of ((-7)/((-14)/r))/(-1)?
2, 17
Suppose 2*f = -0*f - 2. Let a = f + -10. Let s = a - -24. List the prime factors of s.
13
Suppose 0 = 3*x + 7 - 1, -68 = -3*m + 4*x. What are the prime factors of (-8)/m - 471/(-15)?
31
Let d = -4 + 5. List the prime factors of 1*(1 + d + 35).
37
Let w(y) = -y**3 - 14*y**2 + 32*y - 1. Let x be w(-16). List the prime factors of 16490/306 + x/(-9).
2, 3
Suppose f - 2 = 0, -5*u = -4*u - 2*f. Suppose 5*l - 3*r = -195 + 1131, u*r - 178 = -l. List the prime factors of l.
2, 3, 31
Suppose 5*q - 4*k - 1393 = 4369, k + 3460 = 3*q. What are the prime factors of q?
2, 577
Let y(k) = -4*k**3 - 14*k**2 - 9*k - 14. List the prime factors of y(-8).
2, 5, 11
Suppose 7303 = 16*x + 199. List the prime factors of x.
2, 3, 37
Let l be (2 - 2 - 1)*-2. Suppose 2*a - l = a. Suppose -5*x = 2*p - 8, -p = 3*x + a*x - 9. List the prime factors of x.
2
Let t(a) = 19*a - 7. Let o(u) be the third derivative of -5*u**4/6 + 7*u**3/6 + 10*u**2. Let f(q) = 4*o(q) + 5*t(q). What are the prime factors of f(3)?
2, 19
Suppose 0 = 7*r - 4501 - 1092. What are the prime factors of r?
17, 47
Suppose 31*u - 4075 = -5*f + 26*u, -u = -3*f + 2465. List the prime factors of f.
2, 5, 41
Let q(r) = -r**3 + 29*r**2 - 42*r + 9. What are the prime factors of q(26)?
3, 5, 7
Let k(q) be the second derivative of -q**3/6 - 3*q**2/2 - 6*q. Let d be k(-3). What are the prime factors of (d + -2)/(1/(-8))?
2
Suppose 7*p - 7982 = 817. What are the prime factors of p?
3, 419
Let k be -2 - (-28 - (-3 + 0)). Let v = k - -35. List the prime factors of v.
2, 29
Let s be 1 - (-4)/(4/3). Suppose -3*r + 5*t + 37 = 0, -9 - 11 = s*t. Suppose -x + 48 - r = 0. What are the prime factors of x?
2, 11
Suppose -48 = 2*b - 3*s, -4*b + 5*s = -41 + 137. List the prime factors of ((-105)/10 + 5)*b/2.
2, 3, 11
Suppose 0 = 5*u + 2*z + 3*z + 30, 0 = 4*u + 3*z + 23. Let r(a) = -38*a - 3. Let s be r(u). Let v = -131 + s. What are the prime factors of v?
2, 7
Let c be 1/4 + -2 + (-76)/(-16). Suppose 180 = v + m, -c*v = -2*v + 5*m - 184. What are the prime factors of v?
179
Let n(k) = -3 + k + 3 - 4. Let z be n(8). Suppose 2*d - 3*x = -2*x + 16, -z*d - 5*x = -32. List the prime factors of d.
2
Suppose -3*c = -17 - 1. Let v(z) = z**2 - z - 5. List the prime factors of v(c).
5
Suppose -2 = -3*y + 7. Suppose -y*a + 10*n - 33 = 5*n, 0 = -4*a + n - 27. What are the prime factors of 14/5*(a + 11)?
2, 7
Suppose 3*i + 4*w = -1 - 1, -4*w = 8. Suppose -s + 5*y - i = s, -2*s + 3*y = -6. What are the prime factors of s?
3
Let l(f) be the second derivative of 0 - 5/12*f**4 - 1/20*f**5 - 3*f + 2*f**2 - f**3. What are the prime factors of l(-5)?
2, 17
Let j = 31 - 18. Let g = j - 1. What are the prime factors of -8*g/(-1 + -3)?
2, 3
Suppose -1664 + 10718 = 3*l - 4*j, 3017 = l - j. What are the prime factors of l?
2, 11, 137
Let j = -982 - -1400. What are the prime factors of j?
2, 11, 19
Let d(m) = -4*m - 1. Let q be d(-1). Suppose -q*y = y + 48. List the prime factors of -3*62*2/y.
31
Suppose d + 5*v - 154 = -2*d, -4*d + 2*v = -214. What are the prime factors of d?
53
Suppose 0 = -4*p - 2*h + 708, -3*p - 3*h = -2*h - 530. Suppose 4*a + 101 = 3*x - 6*x, 0 = -5*x + a - p. Let c = x - -55. What are the prime factors of c?
2, 5
Suppose 6*m = 3*m - 42. List the prime factors of ((-273)/m)/((-2)/(-4)).
3, 13
Let b = -32 + 32. Suppose -f = 2*f - 2*k - 350, b = -5*f - k + 605. Suppose 0 = 3*v - v - f. List the prime factors of v.
2, 3, 5
Let m be 60/(-24)*8/(-10). Suppose -3*z + 429 = 3*g, -4*g + 572 = -m*z - z. List the prime factors of g.
11, 13
Let v(p) = 97*p**3 - 2*p**2 + 7*p - 6. List the prime factors of v(2).
2, 97
Suppose -5*m = 540 - 125. Let h = -25 - m. Suppose -4*z = -h - 62. What are the prime factors of z?
2, 3, 5
Let c(z) = 28*z - 20. Let v(i) = -9*i + 7. Let x(r) = 3*c(r) + 10*v(r). What are the prime factors of x(-7)?
2, 13
Let z be (-5 + 5)/(-3 - -1). Suppose z = c - x - 16 - 74, -3*x = 2*c - 205. Suppose 0 = -2*g - 3*g + c. List the prime factors of g.
19
Suppose -5*y - 12 + 37 = 0. Suppose y*s + 215 = 1000. List the prime factors of s.
157
Suppose 0 = -6*j + 2*j + 16. Suppose 2*f = -2*k, 0 = 3*k - j*f - 9 - 19. List the prime factors of k.
2
Let n be ((-344)/(-16))/((-2)/(-12)). Suppose 3*b = n + 132. Suppose 4*z - 5*q = b, -q + 61 = 5*z - 3*z. What are the prime factors of z?
2, 7
Suppose 3*y = -0*y - t + 257, -4*t = -4*y + 332. What are the prime factors of y?
5, 17
Suppose -120 = -3*v + 180. Suppose 5*f + 0*f = v. What are the prime factors of f?
2, 5
Let m(f) = -f**3 - 10*f**2 - 5*f - 13. Let h be m(-10). Let x = h + -33. Suppose -4*y + 270 = 8*w - 3*w, -x*y + 262 = w. What are the prime factors of y?
5, 13
Let j be (-2)/(-4) - 68/(-8). Let m(z) = 12*z - 5. Let n(b) = 5*b - 2. Let v(u) = -6*m(u) + 15*n(u). What are the prime factors of v(j)?
3
Suppose -4*p - 81 = -h, -3*p - 3*h - 31 - 26 = 0. List the prime factors of (-45)/p*(32/(-3))/(-1).
2, 3
Let i = 15 - 10. Suppose i*x = 4*o + 364, 0 = 3*x - o - 4*o - 208. List the prime factors of x.
2, 19
Let s be (10/15)/(1/3). Suppose 15 = s*l - 9. What are the prime factors of l?
2, 3
Let s = -20 - -52. Suppose s = 3*t - 22. List the prime factors of (-138)/4*(-12)/t.
23
Let s(m) = 36*m**3 + m**2 + 2*m. Let v be s(2). Let w be 3 + -7 + 2 + v. List the prime factors of (2/(-4))/((-7)/w).
3, 7
Suppose 4*l - 191 = p - 12, 5*l - 4*p = 221. What are the prime factors of ((-92)/6)/((-6)/l)?
5, 23
Suppose 0 = s - 4, -5*s - 574 = -7*h + 5*h. What are the prime factors of h?
3, 11
Let p(i) = i + 0*i - 4*i - 2 + 6*i + 7*i**2. Let g be 1/2 + (-12)/(-24). What are the prime factors of p(g)?
2
What are the prime factors of 2/(-21) + (-66666)/(-126)?
23
Suppose 0 = -i + 2*k - 4 + 344, -k + 1733 = 5*i. Let n = -244 + i. What are the prime factors of n?
2, 3, 17
Suppose 3*w - 1305 = -2*k, -k + 5*k + 2*w = 2606. List the prime factors of k.
3, 7, 31
Let m(c) = 6*c**2 - 6